{"id":38,"date":"2014-02-06T15:13:32","date_gmt":"2014-02-06T13:13:32","guid":{"rendered":"http:\/\/www.fsv-dautmergen.de\/FSV\/WP_A\/?page_id=38"},"modified":"2026-04-01T20:58:48","modified_gmt":"2026-04-01T18:58:48","slug":"herrengymnastik","status":"publish","type":"page","link":"https:\/\/www.fsv-dautmergen.de\/FSV\/WP_A\/?page_id=38","title":{"rendered":"Herrengymnastik"},"content":{"rendered":"<p>Die Herrengymnastik trifft sich immer mittwochs von 19.00 &#8211; 20.00 Uhr im B\u00fcrgerhaus.<\/p>\n<p>Bei sch\u00f6nem Wetter wird eine Radtour unternommen. Bei schlechter Witterung findet das Sportangebot im B\u00fcrgerhaus unter der Leitung von Klaus Ohnmacht statt.<\/p>\n<p><b>Sportliche Aktivit\u00e4ten:<\/b><\/p>\n<ul>\n<li>R\u00fcckengymnastik<\/li>\n<li>Dehn\u00fcbungen<\/li>\n<li>Fu\u00dfball<\/li>\n<li>Hockey<\/li>\n<li><span style=\"line-height: 1.5;\">Joggen bei sch\u00f6nem Wetter<\/span><\/li>\n<\/ul>\n\n<div class=\"wp-block-image\">\n<figure class=\"aligncenter\"><img loading=\"lazy\" decoding=\"async\" width=\"3264\" height=\"2448\" data-attachment-id=\"1799\" data-permalink=\"https:\/\/www.fsv-dautmergen.de\/FSV\/WP_A\/?attachment_id=1799\" data-orig-file=\"https:\/\/i0.wp.com\/www.fsv-dautmergen.de\/FSV\/WP_A\/wp-content\/uploads\/2019\/04\/2016-4.jpg?fit=3264%2C2448&amp;ssl=1\" data-orig-size=\"3264,2448\" data-comments-opened=\"1\" data-image-meta=\"{&quot;aperture&quot;:&quot;2.4&quot;,&quot;credit&quot;:&quot;&quot;,&quot;camera&quot;:&quot;iPhone 4S&quot;,&quot;caption&quot;:&quot;&quot;,&quot;created_timestamp&quot;:&quot;1472673766&quot;,&quot;copyright&quot;:&quot;&quot;,&quot;focal_length&quot;:&quot;4.28&quot;,&quot;iso&quot;:&quot;50&quot;,&quot;shutter_speed&quot;:&quot;0.033333333333333&quot;,&quot;title&quot;:&quot;&quot;,&quot;orientation&quot;:&quot;1&quot;}\" data-image-title=\"2016 (4)\" data-image-description=\"\" data-image-caption=\"\" data-medium-file=\"https:\/\/i0.wp.com\/www.fsv-dautmergen.de\/FSV\/WP_A\/wp-content\/uploads\/2019\/04\/2016-4.jpg?fit=300%2C225&amp;ssl=1\" data-large-file=\"https:\/\/i0.wp.com\/www.fsv-dautmergen.de\/FSV\/WP_A\/wp-content\/uploads\/2019\/04\/2016-4.jpg?fit=474%2C356&amp;ssl=1\" tabindex=\"0\" role=\"button\" src=\"https:\/\/i2.wp.com\/www.fsv-dautmergen.de\/FSV\/WP_A\/wp-content\/uploads\/2019\/04\/2016-4.jpg?fit=474%2C356\" alt=\"\" class=\"wp-image-1799\" srcset=\"https:\/\/i0.wp.com\/www.fsv-dautmergen.de\/FSV\/WP_A\/wp-content\/uploads\/2019\/04\/2016-4.jpg?w=3264&amp;ssl=1 3264w, https:\/\/i0.wp.com\/www.fsv-dautmergen.de\/FSV\/WP_A\/wp-content\/uploads\/2019\/04\/2016-4.jpg?resize=300%2C225&amp;ssl=1 300w, https:\/\/i0.wp.com\/www.fsv-dautmergen.de\/FSV\/WP_A\/wp-content\/uploads\/2019\/04\/2016-4.jpg?resize=768%2C576&amp;ssl=1 768w, https:\/\/i0.wp.com\/www.fsv-dautmergen.de\/FSV\/WP_A\/wp-content\/uploads\/2019\/04\/2016-4.jpg?resize=1024%2C768&amp;ssl=1 1024w, https:\/\/i0.wp.com\/www.fsv-dautmergen.de\/FSV\/WP_A\/wp-content\/uploads\/2019\/04\/2016-4.jpg?w=948 948w, https:\/\/i0.wp.com\/www.fsv-dautmergen.de\/FSV\/WP_A\/wp-content\/uploads\/2019\/04\/2016-4.jpg?w=1422 1422w\" sizes=\"(max-width: 474px) 100vw, 474px\" \/><\/figure><\/div>","protected":false},"excerpt":{"rendered":"<p>Die Herrengymnastik trifft sich immer mittwochs von 19.00 &#8211; 20.00 Uhr im B\u00fcrgerhaus. Bei sch\u00f6nem Wetter wird eine Radtour unternommen. Bei schlechter Witterung findet das Sportangebot im B\u00fcrgerhaus unter der Leitung von Klaus Ohnmacht statt. Sportliche Aktivit\u00e4ten: R\u00fcckengymnastik Dehn\u00fcbungen Fu\u00dfball Hockey Joggen bei sch\u00f6nem Wetter<\/p>\n","protected":false},"author":1,"featured_media":0,"parent":0,"menu_order":0,"comment_status":"closed","ping_status":"closed","template":"","meta":{"jetpack_post_was_ever_published":false,"footnotes":""},"jetpack_shortlink":"https:\/\/wp.me\/P4mrdi-C","jetpack_sharing_enabled":true,"_links":{"self":[{"href":"https:\/\/www.fsv-dautmergen.de\/FSV\/WP_A\/index.php?rest_route=\/wp\/v2\/pages\/38"}],"collection":[{"href":"https:\/\/www.fsv-dautmergen.de\/FSV\/WP_A\/index.php?rest_route=\/wp\/v2\/pages"}],"about":[{"href":"https:\/\/www.fsv-dautmergen.de\/FSV\/WP_A\/index.php?rest_route=\/wp\/v2\/types\/page"}],"author":[{"embeddable":true,"href":"https:\/\/www.fsv-dautmergen.de\/FSV\/WP_A\/index.php?rest_route=\/wp\/v2\/users\/1"}],"replies":[{"embeddable":true,"href":"https:\/\/www.fsv-dautmergen.de\/FSV\/WP_A\/index.php?rest_route=%2Fwp%2Fv2%2Fcomments&post=38"}],"version-history":[{"count":7,"href":"https:\/\/www.fsv-dautmergen.de\/FSV\/WP_A\/index.php?rest_route=\/wp\/v2\/pages\/38\/revisions"}],"predecessor-version":[{"id":1980,"href":"https:\/\/www.fsv-dautmergen.de\/FSV\/WP_A\/index.php?rest_route=\/wp\/v2\/pages\/38\/revisions\/1980"}],"wp:attachment":[{"href":"https:\/\/www.fsv-dautmergen.de\/FSV\/WP_A\/index.php?rest_route=%2Fwp%2Fv2%2Fmedia&parent=38"}],"curies":[{"name":"wp","href":"https:\/\/api.w.org\/{rel}","templated":true}]}}